he remainder when 9853 is divided by 45.
43
Calculate the remainder when 1206 is divided by 1201.
5
What is the remainder when 488 is divided by 123?
119
What is the remainder when 78 is divided by 31?
16
What is the remainder when 36 is divided by 21?
15
Calculate the remainder when 1420 is divided by 1417.
3
What is the remainder when 171 is divided by 144?
27
Calculate the remainder when 237 is divided by 87.
63
What is the remainder when 51 is divided by 9?
6
What is the remainder when 981 is divided by 38?
31
Calculate the remainder when 234 is divided by 88.
58
Calculate the remainder when 53 is divided by 38.
15
Calculate the remainder when 1069 is divided by 12.
1
What is the remainder when 373 is divided by 85?
33
Calculate the remainder when 140 is divided by 24.
20
What is the remainder when 354 is divided by 118?
0
Calculate the remainder when 6522 is divided by 87.
84
What is the remainder when 6003 is divided by 37?
9
Calculate the remainder when 2848 is divided by 10.
8
Calculate the remainder when 59 is divided by 10.
9
Calculate the remainder when 238 is divided by 36.
22
What is the remainder when 2267 is divided by 108?
107
Calculate the remainder when 1117 is divided by 51.
46
Calculate the remainder when 9831 is divided by 8.
7
Calculate the remainder when 136 is divided by 19.
3
Calculate the remainder when 4194 is divided by 30.
24
What is the remainder when 2800 is divided by 351?
343
What is the remainder when 332 is divided by 30?
2
Calculate the remainder when 907 is divided by 48.
43
Calculate the remainder when 213 is divided by 2.
1
Calculate the remainder when 429 is divided by 32.
13
What is the remainder when 125 is divided by 22?
15
Calculate the remainder when 2484 is divided by 107.
23
What is the remainder when 5436 is divided by 33?
24
What is the remainder when 91 is divided by 26?
13
What is the remainder when 596 is divided by 209?
178
Calculate the remainder when 862 is divided by 24.
22
What is the remainder when 765 is divided by 197?
174
What is the remainder when 874 is divided by 22?
16
What is the remainder when 6663 is divided by 202?
199
What is the remainder when 81 is divided by 17?
13
Calculate the remainder when 844 is divided by 66.
52
What is the remainder when 926 is divided by 305?
11
What is the remainder when 163 is divided by 41?
40
Calculate the remainder when 2389 is divided by 42.
37
What is the remainder when 217 is divided by 13?
9
Calculate the remainder when 496 is divided by 125.
121
What is the remainder when 269 is divided by 92?
85
Calculate the remainder when 1253 is divided by 215.
178
Calculate the remainder when 1338 is divided by 444.
6
Calculate the remainder when 1149 is divided by 52.
5
What is the remainder when 13 is divided by 4?
1
What is the remainder when 53 is divided by 4?
1
Calculate the remainder when 2247 is divided by 125.
122
What is the remainder when 229 is divided by 26?
21
Calculate the remainder when 1152 is divided by 273.
60
What is the remainder when 143 is divided by 62?
19
What is the remainder when 17477 is divided by 19?
16
Calculate the remainder when 2603 is divided by 28.
27
What is the remainder when 237 is divided by 27?
21
Calculate the remainder when 84 is divided by 22.
18
Calculate the remainder when 2190 is divided by 29.
15
What is the remainder when 84033 is divided by 245?
243
What is the remainder when 13131 is divided by 67?
66
Calculate the remainder when 478 is divided by 20.
18
Calculate the remainder when 597 is divided by 39.
12
What is the remainder when 4940 is divided by 7?
5
Calculate the remainder when 10478 is divided by 3491.
5
What is the remainder when 307 is divided by 62?
59
What is the remainder when 200 is divided by 44?
24
What is the remainder when 878 is divided by 58?
8
Calculate the remainder when 23 is divided by 23.
0
Calculate the remainder when 546 is divided by 139.
129
What is the remainder when 2403 is divided by 172?
167
What is the remainder when 12350 is divided by 87?
83
Calculate the remainder when 72 is divided by 27.
18
Calculate the remainder when 317 is divided by 36.
29
What is the remainder when 1059 is divided by 106?
105
Calculate the remainder when 377 is divided by 97.
86
Calculate the remainder when 7719 is divided by 19.
5
Calculate the remainder when 1489 is divided by 135.
4
What is the remainder when 468 is divided by 450?
18
What is the remainder when 147 is divided by 76?
71
Calculate the remainder when 526 is divided by 133.
127
What is the remainder when 12398 is divided by 43?
14
What is the remainder when 197 is divided by 98?
1
Calculate the remainder when 582 is divided by 10.
2
What is the remainder when 232 is divided by 54?
16
Calculate the remainder when 1672 is divided by 27.
25
Calculate the remainder when 199 is divided by 20.
19
Calculate the remainder when 2071 is divided by 74.
73
What is the remainder when 77 is divided by 32?
13
What is the remainder when 181 is divided by 64?
53
Calculate the remainder when 16984 is divided by 149.
147
Calculate the remainder when 622 is divided by 153.
10
What is the remainder when 482 is divided by 5?
2
Calculate the remainder when 647 is divided by 439.
208
Calculate the remainder when 530 is divided by 254.
22
Calculate the remainder when 1381 is divided by 459.
4
What is the remainder when 3146 is divided by 85?
1
Calculate the remainder when 204 is divided by 20.
4
Calculate the remainder when 472 is divided by 217.
38
What is the remainder when 302 is divided by 90?
32
Calculate the remainder when 3506 is divided by 27.
23
Calculate the remainder when 2855 is divided by 119.
118
What is the remainder when 998 is divided by 13?
10
Calculate the remainder when 183 is divided by 49.
36
Calculate the remainder when 410 is divided by 93.
38
Calculate the remainder when 277 is divided by 73.
58
Calculate the remainder when 1561 is divided by 76.
41
What is the remainder when 443 is divided by 181?
81
What is the remainder when 2071 is divided by 230?
1
Calculate the remainder when 37 is divided by 21.
16
What is the remainder when 663 is divided by 166?
165
Calculate the remainder when 393 is divided by 101.
90
Calculate the remainder when 8277 is divided by 92.
89
Calculate the remainder when 532 is divided by 55.
37
What is the remainder when 1779 is divided by 143?
63
What is the remainder when 706 is divided by 59?
57
Calculate the remainder when 227 is divided by 18.
11
What is the remainder when 129 is divided by 39?
12
Calculate the remainder when 79 is divided by 40.
39
Calculate the remainder when 6604 is divided by 27.
16
Calculate the remainder when 32 is divided by 3.
2
What is the remainder when 90 is divided by 12?
6
What is the remainder when 557 is divided by 12?
5
Calculate the remainder when 573 is divided by 140.
13
What is the remainder when 240 is divided by 25?
15
What is the remainder when 913 is divided by 304?
1
What is the remainder when 12508 is divided by 368?
364
Calculate the remainder when 1410 is divided by 208.
162
Calculate the remainder when 725 is divided by 26.
23
Calculate the remainder when 343 is divided by 21.
7
Calculate the remainder when 985 is divided by 38.
35
What is the remainder when 4547 is divided by 505?
2
Calculate the remainder when 1822 is divided by 32.
30
What is the remainder when 52 is divided by 11?
8
What is the remainder when 780 is divided by 71?
70
What is the remainder when 57 is divided by 23?
11
What is the remainder when 631 is divided by 106?
101
What is the remainder when 184 is divided by 21?
16
What is the remainder when 242 is divided by 89?
64
Calculate the remainder when 5439 is divided by 32.
31
What is the remainder when 81 is divided by 75?
6
Calculate the remainder when 1403 is divided by 67.
63
What is the remainder when 1519 is divided by 120?
79
Calculate the remainder when 244 is divided by 19.
16
What is the remainder when 68 is divided by 26?
16
Calculate the remainder when 2627 is divided by 12.
11
Calculate the remainder when 246 is divided by 179.
67
Calculate the remainder when 537 is divided by 90.
87
Calculate the remainder when 108 is divided by 15.
3
What is the remainder when 362 is divided by 88?
10
Calculate the remainder 